{"id":63,"date":"2022-10-17T10:16:10","date_gmt":"2022-10-17T12:16:10","guid":{"rendered":"http:\/\/placidos.com.br\/?page_id=63"},"modified":"2022-10-18T14:52:34","modified_gmt":"2022-10-18T16:52:34","slug":"quem-somos-nos","status":"publish","type":"page","link":"https:\/\/placidos.com.br\/","title":{"rendered":"Quem somos n\u00f3s&#8230;"},"content":{"rendered":"\n<p>Em 1982 nascia a empresa chamada <strong>Transportadora Irm\u00e3os Pl\u00e1cido Ltda<\/strong>, sendo composta por Natal Antonio de Pl\u00e1cido e Luiz Rog\u00e9rio de Pl\u00e1cido. Ambos nascidos em Prat\u00e2nia\/SP, com um ideal: Constituir uma empresa s\u00f3lida, lucrativa e auto sustent\u00e1vel quanto \u00e0 oferta de seus insumos, respeitando e sendo respeitada por seus colaboradores e a sociedade em que est\u00e1 inserida. Suas atividades envolviam diferentes configura\u00e7\u00f5es de equipamentos e m\u00e1quinas para se adaptar aos requisitos necess\u00e1rios atendendo as demandas do mercado quanto \u00e0:<\/p>\n\n\n\n<ul><li>Corte, Baldeio e transporte de madeira para ind\u00fastrias dos setores: Papel e Celulose, Chapas, Serrarias, entre outros;<\/li><\/ul>\n\n\n\n<ul><li>Transporte de Cal Virgem e Dolomita para ind\u00fastria de Cal e Cimento;<\/li><li>Com\u00e9rcio de Madeira (Compra e Venda).<\/li><\/ul>\n\n\n\n<p>Atualmente insere em seu portf\u00f3lio de produtos e servi\u00e7os a forma\u00e7\u00e3o de um parque florestal de eucalipto, utilizando-se de recursos pr\u00f3prios.<\/p>\n\n\n\n<h2>VIS\u00c3O<\/h2>\n\n\n\n<p>Ser reconhecida por seus clientes como principal fornecedor de produtos e servi\u00e7os, eticamente respons\u00e1vel na sociedade que est\u00e1 inserida, remunerando o capital investido por seus diretores.<\/p>\n\n\n\n<h2>MISS\u00c3O<\/h2>\n\n\n\n<p>Comercializar seus produtos e servi\u00e7os com o melhor padr\u00e3o de qualidade, entendendo as dificuldades de cada opera\u00e7\u00e3o, superando suas defici\u00eancias na busca pela excel\u00eancia.<\/p>\n\n\n\n<h2>PRINC\u00cdPIOS<\/h2>\n\n\n\n<p>Total respeito ao ser humano, bem como entend\u00ea-lo como parte da cadeia produtiva;<br>Participar do processo social, entendendo a posi\u00e7\u00e3o que lhe foi conferida como empresa 100% Brasileira e contribuinte no crescimento do pa\u00eds atrav\u00e9s de suas obriga\u00e7\u00f5es fiscais, atendendo totalmente a legisla\u00e7\u00e3o.<br>Crescer de forma \u00e9tica e respons\u00e1vel, sendo parceira nos resultados de seus Clientes e Fornecedores.<br>Manejar as florestas pr\u00f3prias de forma ambientalmente correta, socialmente justa e economicamente sustent\u00e1vel.<\/p>\n\n\n\n<h2>VALORES<\/h2>\n\n\n\n<p>Acreditamos que um Pa\u00eds somente tornar-se Na\u00e7\u00e3o quando seus cidad\u00e3os deixam de querer levar vantagem em tudo, mesmo quando esta, esteja acima da \u00e9tica. Por isso, a Pl\u00e1cidos Transportes tem como premissa em suas negocia\u00e7\u00f5es a transpar\u00eancia e, principalmente ser eticamente correta, em todas as suas opera\u00e7\u00f5es, envolvendo: Clientes, Fornecedores, Funcion\u00e1rios e a Sociedade em que est\u00e1 inserida!<\/p>\n\n\n<div class=\"wp-block-image is-style-rounded\">\n<figure class=\"aligncenter size-full\"><img loading=\"lazy\" width=\"662\" height=\"398\" src=\"http:\/\/placidos.com.br\/wp-content\/uploads\/2022\/10\/Captura-de-Tela-2022-10-18-a\u0300s-13.52.02.png\" alt=\"\" class=\"wp-image-255\" srcset=\"https:\/\/placidos.com.br\/wp-content\/uploads\/2022\/10\/Captura-de-Tela-2022-10-18-a\u0300s-13.52.02.png 662w, https:\/\/placidos.com.br\/wp-content\/uploads\/2022\/10\/Captura-de-Tela-2022-10-18-a\u0300s-13.52.02-300x180.png 300w\" sizes=\"(max-width: 662px) 100vw, 662px\" \/><figcaption><strong><em>A cada nascer do SOL, nasce uma esperan\u00e7a de um mundo melhor!<\/em><\/strong><\/figcaption><\/figure><\/div>","protected":false},"excerpt":{"rendered":"<p>Em 1982 nascia a empresa chamada Transportadora Irm\u00e3os Pl\u00e1cido Ltda, sendo composta por Natal Antonio [&hellip;]<\/p>\n","protected":false},"author":1,"featured_media":0,"parent":0,"menu_order":0,"comment_status":"closed","ping_status":"closed","template":"","meta":[],"_links":{"self":[{"href":"https:\/\/placidos.com.br\/index.php?rest_route=\/wp\/v2\/pages\/63"}],"collection":[{"href":"https:\/\/placidos.com.br\/index.php?rest_route=\/wp\/v2\/pages"}],"about":[{"href":"https:\/\/placidos.com.br\/index.php?rest_route=\/wp\/v2\/types\/page"}],"author":[{"embeddable":true,"href":"https:\/\/placidos.com.br\/index.php?rest_route=\/wp\/v2\/users\/1"}],"replies":[{"embeddable":true,"href":"https:\/\/placidos.com.br\/index.php?rest_route=%2Fwp%2Fv2%2Fcomments&post=63"}],"version-history":[{"count":7,"href":"https:\/\/placidos.com.br\/index.php?rest_route=\/wp\/v2\/pages\/63\/revisions"}],"predecessor-version":[{"id":260,"href":"https:\/\/placidos.com.br\/index.php?rest_route=\/wp\/v2\/pages\/63\/revisions\/260"}],"wp:attachment":[{"href":"https:\/\/placidos.com.br\/index.php?rest_route=%2Fwp%2Fv2%2Fmedia&parent=63"}],"curies":[{"name":"wp","href":"https:\/\/api.w.org\/{rel}","templated":true}]}}

Quem somos nós&#8230;

<p>Em 1982 nascia a empresa chamada <strong>Transportadora Irmãos Plácido Ltda</strong>, sendo composta por Natal Antonio de Plácido e Luiz Rogério de Plácido. Ambos nascidos em Pratânia/SP, com um ideal: Constituir uma empresa sólida, lucrativa e auto sustentável quanto à oferta de seus insumos, respeitando e sendo respeitada por seus colaboradores e a sociedade em que está inserida. Suas atividades envolviam diferentes configurações de equipamentos e máquinas para se adaptar aos requisitos necessários atendendo as demandas do mercado quanto à:</p>



<ul><li>Corte, Baldeio e transporte de madeira para indústrias dos setores: Papel e Celulose, Chapas, Serrarias, entre outros;</li></ul>



<ul><li>Transporte de Cal Virgem e Dolomita para indústria de Cal e Cimento;</li><li>Comércio de Madeira (Compra e Venda).</li></ul>



<p>Atualmente insere em seu portfólio de produtos e serviços a formação de um parque florestal de eucalipto, utilizando-se de recursos próprios.</p>



<h2>VISÃO</h2>



<p>Ser reconhecida por seus clientes como principal fornecedor de produtos e serviços, eticamente responsável na sociedade que está inserida, remunerando o capital investido por seus diretores.</p>



<h2>MISSÃO</h2>



<p>Comercializar seus produtos e serviços com o melhor padrão de qualidade, entendendo as dificuldades de cada operação, superando suas deficiências na busca pela excelência.</p>



<h2>PRINCÍPIOS</h2>



<p>Total respeito ao ser humano, bem como entendê-lo como parte da cadeia produtiva;<br>Participar do processo social, entendendo a posição que lhe foi conferida como empresa 100% Brasileira e contribuinte no crescimento do país através de suas obrigações fiscais, atendendo totalmente a legislação.<br>Crescer de forma ética e responsável, sendo parceira nos resultados de seus Clientes e Fornecedores.<br>Manejar as florestas próprias de forma ambientalmente correta, socialmente justa e economicamente sustentável.</p>



<h2>VALORES</h2>



<p>Acreditamos que um País somente tornar-se Nação quando seus cidadãos deixam de querer levar vantagem em tudo, mesmo quando esta, esteja acima da ética. Por isso, a Plácidos Transportes tem como premissa em suas negociações a transparência e, principalmente ser eticamente correta, em todas as suas operações, envolvendo: Clientes, Fornecedores, Funcionários e a Sociedade em que está inserida!</p>


<div class="wp-block-image is-style-rounded">
<figure class="aligncenter size-full"><img loading="lazy" width="662" height="398" src="http://placidos.com.br/wp-content/uploads/2022/10/Captura-de-Tela-2022-10-18-às-13.52.02.png" alt="" class="wp-image-255" srcset="https://placidos.com.br/wp-content/uploads/2022/10/Captura-de-Tela-2022-10-18-às-13.52.02.png 662w, https://placidos.com.br/wp-content/uploads/2022/10/Captura-de-Tela-2022-10-18-às-13.52.02-300x180.png 300w" sizes="(max-width: 662px) 100vw, 662px" /><figcaption><strong><em>A cada nascer do SOL, nasce uma esperança de um mundo melhor!</em></strong></figcaption></figure></div>

<p>Em 1982 nascia a empresa chamada Transportadora Irmãos Plácido Ltda, sendo composta por Natal Antonio [&hellip;]</p>
